e 9, what is -273868 + -47?
-274026
In base 5, what is -201 + -314422?
-320123
In base 12, what is 7a41 + 8785?
14606
In base 10, what is -10340 + -3994?
-14334
In base 13, what is -10c7b751 + -3?
-10c7b754
In base 4, what is 1010111033203 - -20?
1010111033223
In base 7, what is 2204014 + -451?
2203233
In base 13, what is c2 + 258294?
258386
In base 13, what is 61a9b - -cc?
61b9a
In base 11, what is -831a + a46?
-7384
In base 10, what is -121549 + 141?
-121408
In base 15, what is -4a6672 - 1e?
-4a6691
In base 16, what is -3 - -22bad1?
22bace
In base 5, what is 2330332202 - 3?
2330332144
In base 5, what is 14422 - -234012?
303434
In base 10, what is 6 + -10341271?
-10341265
In base 4, what is 112 + -10010101003312?
-10010101003200
In base 9, what is 476801 - 823?
475867
In base 6, what is 2532 - -5422442?
5425414
In base 7, what is 22 + 6245620?
6245642
In base 6, what is 2544044205 + 2?
2544044211
In base 2, what is -1000101101010110000101011 - 10011?
-1000101101010110000111110
In base 11, what is -3a2 - 46136?
-46528
In base 6, what is 21150 - 4342034?
-4320444
In base 12, what is 12570 - 10a4?
11488
In base 16, what is b5f08 - -5?
b5f0d
In base 12, what is 5 - -137835b?
1378364
In base 9, what is -33421 - -10?
-33411
In base 11, what is 89a7220 - 1?
89a721a
In base 16, what is e - -e448?
e456
In base 6, what is 42 + 100405133?
100405215
In base 6, what is -1022 - -12010052?
12005030
In base 3, what is -120200 + 10221022101?
10220201201
In base 9, what is 2718335 - -73?
2718418
In base 13, what is 813c + -1034?
7108
In base 11, what is 921396 + 4?
92139a
In base 14, what is 86 + 15077?
1511d
In base 5, what is -1134100 - -134221?
-444324
In base 3, what is 20 - -120222201112211?
120222201120001
In base 6, what is 0 - 1343543551?
-1343543551
In base 12, what is -19 - -762148?
76212b
In base 14, what is 73095 + -36?
7305d
In base 13, what is c958 + 37b?
10006
In base 14, what is -4 + -24b7c4?
-24b7c8
In base 11, what is -44 + 1718a55?
1718a11
In base 4, what is -11 + -122231310320?
-122231310331
In base 3, what is -1001211 + -22200100?
-100202011
In base 2, what is 1010110000 + -1001000101001100?
-1000111010011100
In base 15, what is -7 - 20deed?
-20e005
In base 11, what is 2137408 + 1?
2137409
In base 3, what is 1211222 - -2222001?
11211000
In base 7, what is -5 - 122413522?
-122413530
In base 3, what is -2010222212221002 + -10?
-2010222212221012
In base 3, what is -1010202221010022 - 2?
-1010202221010101
In base 15, what is -8 + -32a568?
-32a571
In base 8, what is -3 - -245067430?
245067425
In base 10, what is -99 - -3061799?
3061700
In base 2, what is -101001001101100 + -10000000?
-101001011101100
In base 5, what is 100 + 1130014?
1130114
In base 14, what is 7 - -b291?
b298
In base 10, what is 35 + -10595?
-10560
In base 10, what is 14820810 + -2?
14820808
In base 6, what is -1 - -13100234?
13100233
In base 2, what is -100100011111111010001001 + -10001?
-100100011111111010011010
In base 3, what is -2110221011012 - -10?
-2110221011002
In base 3, what is 11212111 - 22001022121?
-21212110010
In base 13, what is -29c0bb33 - 1?
-29c0bb34
In base 10, what is 18945331 - 3?
18945328
In base 7, what is -5413 - 10661?
-16404
In base 16, what is 144d60ea - 1?
144d60e9
In base 16, what is -216954f1 - 0?
-216954f1
In base 6, what is 44401422 + 545?
44402411
In base 5, what is 1030 + 133024204?
133030234
In base 11, what is -61883 - 1a?
-618a2
In base 9, what is 468 - -88027?
88506
In base 3, what is 2100 - 20121122?
-20112022
In base 2, what is -10111 + -1000110000101010000?
-1000110000101100111
In base 13, what is 2b551 - 465?
2b0b9
In base 7, what is -5303434622 - -1?
-5303434621
In base 13, what is 3 + 520546?
520549
In base 11, what is -1216 - -309?
-a08
In base 11, what is -77a15897 + 5?
-77a15892
In base 8, what is -3 - 50377007?
-50377012
In base 8, what is 1231231 + -55?
1231154
In base 11, what is 467335 - 8?
467328
In base 9, what is -11615 + 4041?
-6564
In base 6, what is -3 - -214525335?
214525332
In base 9, what is 2 - -65872104?
65872106
In base 3, what is 22000210121212 - 11200?
22000210110012
In base 3, what is 1 + 11202210022122?
11202210022200
In base 10, what is -872111 + -6?
-872117
In base 12, what is 13199b + -15?
131986
In base 6, what is 113051 + -5551?
103100
In base 5, what is -240133 + 22033?
-213100
In base 9, what is -34562 - 1530?
-36202
In base 9, what is -47381305 + 5?
-47381300
In base 8, what is 6222333 + -51?
6222262
In base 2, what is 1010010110 + -1000001000001?
-110110101011
In base 12, what is -34227 + -164?
-3438b
In base 14, what is a2 + 3298a8?
32996a
In base 13, what is 5359b5 - a8?
53590a
In base 12, what is 254675 + -42?
254633
In base 14, what is 17984642 - -1?
17984643
In base 3, what is 0 + 21110000221010012?
21110000221010012
In base 6, what is 24250223153 + 5?
24250223202
In base 11, what is -1 - -a165969?
a165968
In base 16, what is -283e7 + -244?
-2862b
In base 11, what is 16 + -281829?
-281813
In base 3, what is 1 + 220012102021122?
220012102021200
In base 8, what is 5 + -6751336?
-6751331
In base 3, what is 102201101020201 + -11?
102201101020120
In base 14, what is -77c661 + 10?
-77c651
In base 5, what is -14031 - -24240304?
24221223
In base 3, what is -1221110102 - -120112200?
-1100220202
In base 3, what is 1001021102122 - -222200?
1001022102022
In base 13, what is -7223c0 + 60?
-722360
In base 11, what is -310 - -13160?
12950
In base 13, what is 9 - 886c4?
-886b8
In base 5, what is -11321142423 - -4?
-11321142414
In base 2, what is -10001101000011100000100 + -1010001?
-10001101000011101010101
In base 12, what is 3 - 12b03223?
-12b03220
In base 12, what is a16 - -23413?
24229
In base 5, what is -33234313 - 21301?
-33311114
In base 14, what is 2d4d5d - 1?
2d4d5c
In base 12, what is 13a3 + 1188?
256b
In base 2, what is -10011110111000110101010111 - 0?
-10011110111000110101010111
In base 5, what is 42 - 20343111?
-20343014
In base 6, what is -114442510 + -1?
-114442511
In base 10, what is -10303635 - 1?
-10303636
In base 14, what is 1680 + -97104?
-95864
In base 16, what is -19f - -d52f?
d390
In base 6, what is -2 - 101551115?
-101551121
In base 10, what is 109 + -2890802?
-2890693
In base 12, what is -224 - -1b0333?
1b010b
In base 12, what is -78189300 + 5?
-781892b7
In base 10, what is -18339236 + -7?
-18339243
In base 3, what is -221020221122 + 1200102?
-221012021020
In base 4, what is 301 - -1331132210?
1331133111
In base 10, what is -19529 - -1151?
-18378
In base 12, what is 2849 - -745?
3392
In base 7, what is -15 - -1113141?
1113123
In base 9, what is -4634576 - 6?
-4634583
In base 8, what is 607256 - 307?
606747
In base 8, what is -327713 + -56?
-327771
In base 10, what is 1470 - 96832?
-95362
In base 16, what is 7d0 - -1748?
1f18
In base 8, what is 2221 + -6661?
-4440
In base 7, what is -2 + -10215033?
-10215035
In base 7, what is 50453121 - -5?
50453126
In base 9, what is -548 - -6562?
6013
In base 8, what is 4 - 4043044?
-4043040
In base 15, what is -18b + -6c828?
-6c9b4
In base 9, what is -401 - -35?
-355
In base 15, what is -d58 - 2ab60?
-2b9b8
In base 4, what is -33321221 + 10221?
-33311000
In base 15, what is -5 + 2dd80b?
2dd806
In base 5, what is 3231030032 - 10?
3231030022
In base 3, what is 10100 - 2021000220021?
-2021000202221
In base 14, what is 1c + -44161?
-44143
In base 8, what is -606 + 72735?
72127
In base 8, what is -133543730 - -5?
-133543723
In base 14, what is 3c + 71cc?
722a
In base 11, what is 2846 + 26a0?
5436
In base 8, what is -1101 + -1206410?
-1207511
In base 14, what is 0 - 257143d5?
-257143d5
In base 7, what is 4 + -1102265?
-1102261
In base 14, what is -15ad - 8a?
-1659
In base 6, what is -15 + -1110305543?
-1110310002
In base 11, what is 3395 - 6821?
-3437
In base 13, what is 2841 - -552?
3093
In base 7, what is 224013 + -1045?
222635
In base 13, what is 2173654 + -c?
2173645
In base 6, what is -44112405213 + 5?
-44112405204
In base 16, what is -5 + -a1a8f?
-a1a94
In base 8, what is 5 + 44266156?
44266163
In base 11, what is -134 + -62501?
-62635
In base 2, what is 10010000110100000010 - 100001?
10010000110011100001
In base 6, what is -55555534 - 21?
-55555555
In base 16, what is 3ff + -81de?
-7ddf
In base 2, what is 11 - 11011101010011010101000?
-11011101010